ctors of 16/(-28)*-353*(0 + 7).
2, 353
List the prime factors of (16/(112/(-4641)))/(6/(-4)).
2, 13, 17
Suppose 0 = -4*h + 3*j - 3, -5*h + 20 + 5 = 2*j. Suppose 0 = t + h*t + 8, -t + 6 = -z. List the prime factors of (-482)/z + 4/(-16).
2, 3, 5
Suppose 5*z = -m - 25, -2*z = -m - m - 62. Let h = m + 52. List the prime factors of (h/4)/((-13)/(-26)).
11
Let j = 31 - 28. Suppose 5*k - 6*k + 211 = 3*f, 9 = j*f. List the prime factors of k.
2, 101
Let l(h) = -4*h - 2. Let p(j) = -4*j - 3. Let b(s) = -2*l(s) + 3*p(s). Let v be ((-342)/285)/((-6)/(-20)). What are the prime factors of b(v)?
11
What are the prime factors of 3/(6*4/(-3 - -7555))?
2, 59
Let b be ((0 - -2) + -1)*16/2. What are the prime factors of ((-2)/b)/(1589/532 - 3)?
19
Let l = 1151 + -418. What are the prime factors of l?
733
Let c = 118 + -197. Let w = 141 + c. List the prime factors of w.
2, 31
Let p be 22 + (-1 - -1) - 2. Let n be 8/p + 82/(-5). Let s = n - -19. What are the prime factors of s?
3
Suppose -5*o - 3*q + 0*q + 2319 = 0, 0 = -2*o - 4*q + 922. List the prime factors of o.
3, 5, 31
Let v(t) = -t + 8. Let a be v(6). Let r = -30 - -34. Suppose a*m + r - 24 = 0. What are the prime factors of m?
2, 5
Suppose -4 + 14 = 2*w. What are the prime factors of ((-3)/w)/((-4)/820 + 0)?
3, 41
Let c = 1479 + 314. What are the prime factors of c?
11, 163
Suppose -2*j - 14 = -2*c - 0*j, 12 = -4*j. Suppose -2*v + 0*v + 48 = 0. Suppose c*b = -v + 76. List the prime factors of b.
13
List the prime factors of (-99)/(-165) - 23871/(-15).
2, 199
Let m(y) = 4*y. Let v be m(-1). Let x(p) = -2*p**3 - 5*p**2 - p - 1. List the prime factors of x(v).
3, 17
Let h be 0 - ((-2 - -12) + -2). Let f = 11 + h. Suppose f*o - 12 = -o. What are the prime factors of o?
3
Let q(x) = -x**2 - 16*x + 10. Let y be q(-16). List the prime factors of 2*(1 - (-235)/y).
7
Suppose 4*a + 140 = -a. Let c be (8 - 7) + a/(-2). What are the prime factors of 185/c + (-2)/(-3)?
13
Let r(b) = 30*b + 3. Let j = -26 - -30. Let y be j/16 + (-9)/(-12). What are the prime factors of r(y)?
3, 11
Suppose 38*v = 39*v - 563. What are the prime factors of v?
563
Suppose -3*h + 4*i + 4036 = 0, 2*h = -26*i + 30*i + 2692. What are the prime factors of h?
2, 3, 7
Let n(y) = -11*y - 2. Let t(l) = -4. Let d(x) = -1. Let v(o) = 9*d(o) - 2*t(o). Let s(r) = n(r) - 5*v(r). List the prime factors of s(-3).
2, 3
Suppose -43*o + 700 = -33*o. What are the prime factors of o?
2, 5, 7
Let s(k) = -k - 4. Let g be s(-6). Let b = g - 9. What are the prime factors of 8/(-2)*(b - 0)?
2, 7
Let d(p) be the first derivative of 2 + 4*p**2 + 11*p + 1/3*p**3. What are the prime factors of d(-8)?
11
Suppose -o - 15 = -5*t, -2 + 37 = 3*o + 5*t. Let j(i) = -i**2 + 4*i + 7. List the prime factors of j(o).
2
Let t(g) = g**2 - 75*g - 119. List the prime factors of t(-15).
1231
Suppose 4*o - 674 = w, -o + 173 - 10 = -3*w. Let v be (-790)/8 + 3/(-12). Let x = o + v. List the prime factors of x.
2, 5, 7
Let b = -27 - -35. Suppose 3*d + 10 = -4*u, 2*d - 3*u - 24 + b = 0. What are the prime factors of d?
2
Suppose u = 0, 3*j + 12 - 6 = -3*u. Suppose 0 = -0*g - 4*g + 496. What are the prime factors of (j/4)/((-2)/g)?
31
Suppose -7*w - 23 - 47 = 0. Let c = 30 + w. Let h = 21 + c. List the prime factors of h.
41
Let n(m) = 95*m - 8. Let o be 0 - 0 - 1 - -2. What are the prime factors of n(o)?
3, 29
Let z(a) = 7*a - 1. Let x be z(1). Suppose -2*h - 19 = -x*h - b, h + 11 = 5*b. Suppose 12 = 5*u - 2*u, u + 84 = h*c. List the prime factors of c.
2, 11
Let f be (-16)/(-10) - (-6)/15. Suppose -4*k + 4*v = 272, 0 = -f*v - v - 12. Let o = -43 - k. What are the prime factors of o?
29
Suppose -2*n + 5 = 3*v - 10, -2*v = -2*n. Suppose -n*b - 34 = -217. What are the prime factors of b?
61
Suppose 13*g = -8*g + 2751. List the prime factors of g.
131
Let r = 12 + -14. Let t be (-3)/(-3) + 3 + r. Suppose 16 = 3*y + p - 43, t*y = 2*p + 26. What are the prime factors of y?
2, 3
Suppose -5*l - 3 = 7, -3*z = -5*l - 2323. What are the prime factors of z?
3, 257
Suppose 5*j = -2*n + 413, -222 = 4*n + 3*j - 1083. What are the prime factors of n?
3, 73
Let b = -115 - -168. List the prime factors of b.
53
Let v(c) = c**3 - 19*c**2 + 3*c - 3. Let r be v(19). Suppose -5*n + 228 = -4*s, 3*n + 5*s + r = 4*n. List the prime factors of n.
2, 11
Let p(a) = -a**3 + a**2 + 3 + 4 - 58*a + 60*a. List the prime factors of p(-3).
37
Let l be 0 - 0 - 17*1. Let u be (-47)/5 - 16/(-40). Let v = u - l. What are the prime factors of v?
2
Suppose -14 = 2*a + 4*m, -5*a - m = -a. What are the prime factors of 4 - -79 - (2 + a - 0)?
2, 5
Let t(z) = z - 1. Let p be t(7). Suppose 6 + p = 3*k. Let n = 3 + k. List the prime factors of n.
7
Suppose -74 = -z + 4*t, 2*t = 5*z + 7*t - 370. Let s = -27 + z. List the prime factors of s.
47
Let k be -1 + -2 + 454/2. Suppose k = 4*f + 2*z, 3*f - 192 = 4*z - 13. What are the prime factors of f?
3, 19
Let k be 31/((-12)/(-3) - 3). Suppose o = -11 + k. What are the prime factors of o?
2, 5
What are the prime factors of ((-51)/(-4))/(101/3232)?
2, 3, 17
Suppose -4*s + 5*d = 9, -s = -3*s + 4*d - 12. Suppose -s*g + 5 = -163. Suppose g = -4*i + 6*i. List the prime factors of i.
3, 7
List the prime factors of (48/(-72))/(1/(-132)).
2, 11
Let j = -40 - -52. Suppose j*t = 9*t + 465. What are the prime factors of t?
5, 31
Let m be -1 - ((-5)/(-1) + -3). Let k = m - -12. Suppose 0 = -2*q + q + k. List the prime factors of q.
3
List the prime factors of 2/3 + (-18848)/(-24) + -1.
5, 157
Suppose 7 + 7 = 7*s. Suppose 0 = -5*u - 2*j + 373, -3*u - u - s*j = -300. What are the prime factors of u?
73
Let m(p) = 13*p**2 - 10*p + 15. List the prime factors of m(-16).
31, 113
Let u = 23 + -10. Let f(i) = -2*i + 41. List the prime factors of f(u).
3, 5
Let s = -17 - -8. Let o = s - -9. Suppose -u = -o*u - 20. What are the prime factors of u?
2, 5
Suppose 14*n - 1667 = 909. List the prime factors of n.
2, 23
Let n = 593 - -544. What are the prime factors of n?
3, 379
What are the prime factors of 9 - (-88092)/162 - 4/(-18)?
7, 79
Let a = 2967 + 1403. What are the prime factors of a?
2, 5, 19, 23
Let b = -18 - -28. List the prime factors of 268/b - 3/(-15).
3
Suppose 0 = 3*p + 4*p + 336. Let z be (20/(-3))/(32/p). What are the prime factors of (324/z)/(14/35)?
3
Let a be (-2 + 20/7)*7. Suppose -2*x - 12 = -a*x. Suppose -x*l = -122 - 4. List the prime factors of l.
2, 3, 7
Suppose 3*j = 7*j + 92. Let c = 52 + j. Let w = 58 - c. List the prime factors of w.
29
Let h(y) = -486*y + 1095. List the prime factors of h(-6).
3, 7, 191
Let v be -1 - -1 - (-4)/(4/(-5)). Let y(d) = -31*d + 55. What are the prime factors of y(v)?
2, 3, 5, 7
Let v(a) = 3*a**2 + 8*a - 44. List the prime factors of v(7).
3, 53
Suppose 5*o + 5 = 0, 9*o = -2*z + 4*o + 3. Suppose -3*p - 421 = -z*m, -3*m = 2*p + 3*p - 352. List the prime factors of m.
109
Let r = -38 + 41. Suppose 116 = -2*t + r*t. List the prime factors of t.
2, 29
Suppose -27*n + 80 = -25*n. What are the prime factors of n - (-5)/10*2?
41
Let z = 14 - 12. Suppose -17 = -4*w - p - 0*p, 0 = -z*w - 2*p + 16. List the prime factors of 1/w*132/4.
11
Suppose 73 + 99 = w + 2*d, w = d + 184. Suppose 2*i + w = 2*f - 8, 3*f - 289 = -4*i. What are the prime factors of f?
5, 19
Let x(v) = 3*v + 9. Let y(c) = -4*c - 10. Let r(s) = -5*x(s) - 4*y(s). Let w(z) = -1. Let n(b) = -r(b) - w(b). List the prime factors of n(0).
2, 3
Let d(b) = -b**3 + 9*b**2 - 13*b - 4. Let z be d(6). List the prime factors of (-55)/(-1) + (-78)/z.
2, 13
Let h(q) = 4*q + 36. Let g(c) = -17*c - 145. Let z(m) = 6*g(m) + 26*h(m). Let x be z(0). Suppose l = -l + x. What are the prime factors of l?
3, 11
Let p(a) = a**3 + 10*a**2 - 12*a - 8. Let g(w) = 14*w**2 + 2*w + 3. Let c be g(-2). Suppose o - c = 6*o. What are the prime factors of p(o)?
3
Let i = 426 + -39. Let b = -240 + i. List the prime factors of b.
3, 7
What are the prime factors of (-467838)/(-336) + (-3 - 42/(-16))?
2, 3, 29
Let u(k) = k**2 - 6*k + 8. Let z be u(6). Suppose 2*t - 2 - z = 0. Suppose 0*m + 36 = 2*q - 4*m, -58 = -3*q + t*m. What are the prime factors of q?
2, 13
Let n(k) = -k - 2. Let t be n(-8). Let m be ((-24)/20)/(t/15). Let c(j) = -j**3 + 4*j + 3. What are the prime factors of c(m)?
2, 3
Let x(r) = 23*r + 13. List the prime factors of